{"id":334,"date":"2025-07-02T10:51:35","date_gmt":"2025-07-02T10:51:35","guid":{"rendered":"https:\/\/vivafertilis.lt\/sodui\/?post_type=product&#038;p=334"},"modified":"2026-03-23T08:50:52","modified_gmt":"2026-03-23T08:50:52","slug":"samanotu-veju-trasa-zero-moss","status":"publish","type":"product","link":"https:\/\/vivafertilis.lt\/sodui\/product\/samanotu-veju-trasa-zero-moss\/","title":{"rendered":"Samanot\u0173 vej\u0173 tr\u0105\u0161a ZERO MOSS"},"content":{"rendered":"<p>Tr\u0105\u0161os, skirtos vejoms, kuriose gausu saman\u0173. Sud\u0117tyje esantis gele\u017eies sulfatas padeda atkurti vejos b\u016bkl\u0119 \u2013 samanoms tampa nepalankios augimo s\u0105lygos. ZERO MOSS stiprina \u017eol\u0117s spalv\u0105, tankina augal\u0173 sluoksn\u012f ir koreguoja dirvo\u017eemio r\u016bg\u0161tingum\u0105, sudarydamas palankesnes s\u0105lygas stipriai ir\u00a0ve\u0161liai\u00a0vejai.<\/p>\n","protected":false},"excerpt":{"rendered":"<p>Greitai veikianti tr\u0105\u0161a skirta efektyviai pri\u017ei\u016br\u0117ti samanotas vejas.<\/p>\n","protected":false},"featured_media":360,"comment_status":"open","ping_status":"closed","template":"","meta":{"_acf_changed":false},"product_brand":[],"product_cat":[27,255],"product_tag":[98,99],"class_list":{"0":"post-334","1":"product","2":"type-product","3":"status-publish","4":"has-post-thumbnail","6":"product_cat-vejai","7":"product_cat-prekes-su-nuolaida","8":"product_tag-samanotu-veju-prieziurai","9":"product_tag-the-fast-acting-against-moss","10":"pa_tipas-kiti-produktai","11":"pa_tipas-skystos-trasos","13":"first","14":"instock","15":"taxable","16":"shipping-taxable","17":"purchasable","18":"product-type-variable","19":"has-default-attributes"},"acf":[],"_links":{"self":[{"href":"https:\/\/vivafertilis.lt\/sodui\/wp-json\/wp\/v2\/product\/334","targetHints":{"allow":["GET"]}}],"collection":[{"href":"https:\/\/vivafertilis.lt\/sodui\/wp-json\/wp\/v2\/product"}],"about":[{"href":"https:\/\/vivafertilis.lt\/sodui\/wp-json\/wp\/v2\/types\/product"}],"replies":[{"embeddable":true,"href":"https:\/\/vivafertilis.lt\/sodui\/wp-json\/wp\/v2\/comments?post=334"}],"version-history":[{"count":5,"href":"https:\/\/vivafertilis.lt\/sodui\/wp-json\/wp\/v2\/product\/334\/revisions"}],"predecessor-version":[{"id":21996,"href":"https:\/\/vivafertilis.lt\/sodui\/wp-json\/wp\/v2\/product\/334\/revisions\/21996"}],"wp:featuredmedia":[{"embeddable":true,"href":"https:\/\/vivafertilis.lt\/sodui\/wp-json\/wp\/v2\/media\/360"}],"wp:attachment":[{"href":"https:\/\/vivafertilis.lt\/sodui\/wp-json\/wp\/v2\/media?parent=334"}],"wp:term":[{"taxonomy":"product_brand","embeddable":true,"href":"https:\/\/vivafertilis.lt\/sodui\/wp-json\/wp\/v2\/product_brand?post=334"},{"taxonomy":"product_cat","embeddable":true,"href":"https:\/\/vivafertilis.lt\/sodui\/wp-json\/wp\/v2\/product_cat?post=334"},{"taxonomy":"product_tag","embeddable":true,"href":"https:\/\/vivafertilis.lt\/sodui\/wp-json\/wp\/v2\/product_tag?post=334"}],"curies":[{"name":"wp","href":"https:\/\/api.w.org\/{rel}","templated":true}]}}