{"id":332,"date":"2025-07-02T10:51:35","date_gmt":"2025-07-02T10:51:35","guid":{"rendered":"https:\/\/vivafertilis.lt\/sodui\/?post_type=product&#038;p=332"},"modified":"2026-04-07T07:41:20","modified_gmt":"2026-04-07T07:41:20","slug":"dirvos-rugstintojas-ph-help","status":"publish","type":"product","link":"https:\/\/vivafertilis.lt\/sodui\/product\/dirvos-rugstintojas-ph-help\/","title":{"rendered":"Dirvos r\u016bg\u0161tintojas pH HELP"},"content":{"rendered":"<p>Skystas dirvo\u017eemio r\u016bg\u0161tingum\u0105 ma\u017einantis produktas, skirtas koreguoti per \u0161arming\u0105 dirv\u0105 ar substratus. Naudojamas prie\u0161 s\u0117j\u0105, sodinim\u0105 arba auginimo sezono metu, kai pH lygis vir\u0161ija augalams tinkam\u0105 rib\u0105. Suma\u017einus pH, pager\u0117ja augal\u0173 geb\u0117jimas \u012fsisavinti maisto med\u017eiagas \u2013 ypa\u010d gele\u017e\u012f, mangan\u0105 ir fosfor\u0105.<\/p>\n","protected":false},"excerpt":{"rendered":"<p>Skystas dirvos r\u016bg\u0161tintojas \u0161ilauog\u0117ms ir kitiems r\u016bg\u0161\u010diam\u0117giams augalams. Tinka laistyti r\u016bg\u0161\u010di\u0105 terp\u0119 m\u0117gstantiems augalams, tokiems kaip \u0161ilauog\u0117s, rododendrai, azalijos ir kt.<\/p>\n","protected":false},"featured_media":359,"comment_status":"open","ping_status":"closed","template":"","meta":{"_acf_changed":false},"product_brand":[],"product_cat":[20,65,23,16,255,26,17],"product_tag":[95],"class_list":{"0":"post-332","1":"product","2":"type-product","3":"status-publish","4":"has-post-thumbnail","6":"product_cat-dekoratyviniams-augalams","7":"product_cat-dirvai","8":"product_cat-gelems","9":"product_cat-medziams","10":"product_cat-prekes-su-nuolaida","11":"product_cat-universalios","12":"product_cat-uogoms","13":"product_tag-soil-acidifier","14":"pa_tipas-kiti-produktai","16":"first","17":"instock","18":"taxable","19":"shipping-taxable","20":"purchasable","21":"product-type-variable"},"acf":[],"_links":{"self":[{"href":"https:\/\/vivafertilis.lt\/sodui\/wp-json\/wp\/v2\/product\/332","targetHints":{"allow":["GET"]}}],"collection":[{"href":"https:\/\/vivafertilis.lt\/sodui\/wp-json\/wp\/v2\/product"}],"about":[{"href":"https:\/\/vivafertilis.lt\/sodui\/wp-json\/wp\/v2\/types\/product"}],"replies":[{"embeddable":true,"href":"https:\/\/vivafertilis.lt\/sodui\/wp-json\/wp\/v2\/comments?post=332"}],"version-history":[{"count":5,"href":"https:\/\/vivafertilis.lt\/sodui\/wp-json\/wp\/v2\/product\/332\/revisions"}],"predecessor-version":[{"id":23503,"href":"https:\/\/vivafertilis.lt\/sodui\/wp-json\/wp\/v2\/product\/332\/revisions\/23503"}],"wp:featuredmedia":[{"embeddable":true,"href":"https:\/\/vivafertilis.lt\/sodui\/wp-json\/wp\/v2\/media\/359"}],"wp:attachment":[{"href":"https:\/\/vivafertilis.lt\/sodui\/wp-json\/wp\/v2\/media?parent=332"}],"wp:term":[{"taxonomy":"product_brand","embeddable":true,"href":"https:\/\/vivafertilis.lt\/sodui\/wp-json\/wp\/v2\/product_brand?post=332"},{"taxonomy":"product_cat","embeddable":true,"href":"https:\/\/vivafertilis.lt\/sodui\/wp-json\/wp\/v2\/product_cat?post=332"},{"taxonomy":"product_tag","embeddable":true,"href":"https:\/\/vivafertilis.lt\/sodui\/wp-json\/wp\/v2\/product_tag?post=332"}],"curies":[{"name":"wp","href":"https:\/\/api.w.org\/{rel}","templated":true}]}}