{"id":292,"date":"2025-07-02T10:49:30","date_gmt":"2025-07-02T10:49:30","guid":{"rendered":"https:\/\/vivafertilis.lt\/sodui\/?post_type=product&#038;p=292"},"modified":"2026-03-31T05:44:46","modified_gmt":"2026-03-31T05:44:46","slug":"trasos-vienmetems-ir-daugiametems-gelems","status":"publish","type":"product","link":"https:\/\/vivafertilis.lt\/sodui\/product\/trasos-vienmetems-ir-daugiametems-gelems\/","title":{"rendered":"Tr\u0105\u0161os vienmet\u0117ms ir daugiamet\u0117ms g\u0117l\u0117ms"},"content":{"rendered":"<p>Organini\u0173-mineralini\u0173 granuliuot\u0173 tr\u0105\u0161\u0173 (NPK 12-12-15) mi\u0161inys be chloro, praturtintas humin\u0117mis ir amino r\u016bg\u0161timis. Skirtas g\u0117li\u0173 daigams, kambarin\u0117ms, balkonin\u0117ms ir lauko g\u0117l\u0117ms, \u017eydintiems kr\u016bmams, j\u0173 gyvatvor\u0117ms tr\u0119\u0161ti intensyvaus augimo ir \u017eyd\u0117jimo metu.<\/p>\n","protected":false},"excerpt":{"rendered":"<p>Granuliuotos organin\u0117s\u2013mineralin\u0117s tr\u0105\u0161os g\u0117l\u0117ms NPK 12-12-15 be chloro, praturtintos humin\u0117mis ir amino r\u016bg\u0161timis.<\/p>\n","protected":false},"featured_media":23390,"comment_status":"open","ping_status":"closed","template":"","meta":{"_acf_changed":false},"product_brand":[],"product_cat":[23],"product_tag":[],"class_list":{"0":"post-292","1":"product","2":"type-product","3":"status-publish","4":"has-post-thumbnail","6":"product_cat-gelems","7":"pa_tipas-granuliuotos-trasos","8":"pa_tipas-organines-ir-mineralines-trasos","10":"first","11":"instock","12":"taxable","13":"shipping-taxable","14":"purchasable","15":"product-type-variable"},"acf":[],"_links":{"self":[{"href":"https:\/\/vivafertilis.lt\/sodui\/wp-json\/wp\/v2\/product\/292","targetHints":{"allow":["GET"]}}],"collection":[{"href":"https:\/\/vivafertilis.lt\/sodui\/wp-json\/wp\/v2\/product"}],"about":[{"href":"https:\/\/vivafertilis.lt\/sodui\/wp-json\/wp\/v2\/types\/product"}],"replies":[{"embeddable":true,"href":"https:\/\/vivafertilis.lt\/sodui\/wp-json\/wp\/v2\/comments?post=292"}],"version-history":[{"count":3,"href":"https:\/\/vivafertilis.lt\/sodui\/wp-json\/wp\/v2\/product\/292\/revisions"}],"predecessor-version":[{"id":23407,"href":"https:\/\/vivafertilis.lt\/sodui\/wp-json\/wp\/v2\/product\/292\/revisions\/23407"}],"wp:featuredmedia":[{"embeddable":true,"href":"https:\/\/vivafertilis.lt\/sodui\/wp-json\/wp\/v2\/media\/23390"}],"wp:attachment":[{"href":"https:\/\/vivafertilis.lt\/sodui\/wp-json\/wp\/v2\/media?parent=292"}],"wp:term":[{"taxonomy":"product_brand","embeddable":true,"href":"https:\/\/vivafertilis.lt\/sodui\/wp-json\/wp\/v2\/product_brand?post=292"},{"taxonomy":"product_cat","embeddable":true,"href":"https:\/\/vivafertilis.lt\/sodui\/wp-json\/wp\/v2\/product_cat?post=292"},{"taxonomy":"product_tag","embeddable":true,"href":"https:\/\/vivafertilis.lt\/sodui\/wp-json\/wp\/v2\/product_tag?post=292"}],"curies":[{"name":"wp","href":"https:\/\/api.w.org\/{rel}","templated":true}]}}