{"id":274,"date":"2025-07-02T10:49:28","date_gmt":"2025-07-02T10:49:28","guid":{"rendered":"https:\/\/vivafertilis.lt\/sodui\/?post_type=product&#038;p=274"},"modified":"2026-03-24T16:02:59","modified_gmt":"2026-03-24T16:02:59","slug":"tabletes-humisap-tab-sodinimui-15-vnt","status":"publish","type":"product","link":"https:\/\/vivafertilis.lt\/sodui\/product\/tabletes-humisap-tab-sodinimui-15-vnt\/","title":{"rendered":"Tablet\u0117s HUMISAP TAB sodinimui, 15 vnt."},"content":{"rendered":"<p>Augal\u0173 prigijimo stimuliatorius. Produktas, praturtintas endo\/ektomikoriziniais grybais, mikroorganizmais ir maisto med\u017eiagomis, naudojamas augal\u0173 sodinimui arba persodinimui \u012f atvir\u0105 grunt\u0105 arba vazonus, \u012fdedant tablet\u0119 \u012f sodinimo duob\u0119 ar \u0161alia \u0161akn\u0173.<br \/>\n15 table\u010di\u0173 pakuot\u0117je.<\/p>\n","protected":false},"excerpt":{"rendered":"<p>Greitesniam augal\u0173 prigijimui ir sveikam augimui. Tablet\u0117s su mikoriz\u0117s grybais, mikroorganizmais ir maisto med\u017eiagomis \u2013 patogus sprendimas sodinant \u012f grunt\u0105 ar vazonus.<\/p>\n","protected":false},"featured_media":21972,"comment_status":"open","ping_status":"closed","template":"","meta":{"_acf_changed":false},"product_brand":[],"product_cat":[20,23,16,26,17],"product_tag":[42,43,44,45,46,47,48,49,50,51,52,53,54,55,56,57,58,59,60,61,62,63,64],"class_list":{"0":"post-274","1":"product","2":"type-product","3":"status-publish","4":"has-post-thumbnail","6":"product_cat-dekoratyviniams-augalams","7":"product_cat-gelems","8":"product_cat-medziams","9":"product_cat-universalios","10":"product_cat-uogoms","11":"product_tag-augalu-prigijimo-stimuliatorius","12":"product_tag-augalu-stimuliatorius","13":"product_tag-augimo-stimuliatorius-tujoms","14":"product_tag-bijunu-persodinimas","15":"product_tag-dideliu-medziu-persodinimas","16":"product_tag-fikuso-persodinimas","17":"product_tag-hortenzijos-sodinimas","18":"product_tag-isisaknijimo-stimuliatorius","19":"product_tag-jukos-persodinimas","20":"product_tag-kambariniu-geliu-persodinimas","21":"product_tag-medziu-persodinimas","22":"product_tag-mikorize","23":"product_tag-mikoriziniai-grybai","24":"product_tag-orchidejos-persodinimas","25":"product_tag-persodinimo-stimuliatorius","26":"product_tag-pinigu-medis-persodinimas","27":"product_tag-roziu-sodinimas","28":"product_tag-roziu-sodinimas-is-vazonu","29":"product_tag-saknijimosi-stimuliatorius","30":"product_tag-saknu-augimo-stimuliatorius","31":"product_tag-senu-roziu-persodinimas","32":"product_tag-tuju-sodinimas","33":"product_tag-vynuogiu-sodinimas-is-vazonu","34":"pa_tipas-biostimuliatoriai","35":"pa_tipas-kiti-produktai","37":"first","38":"instock","39":"taxable","40":"shipping-taxable","41":"purchasable","42":"product-type-simple"},"acf":[],"_links":{"self":[{"href":"https:\/\/vivafertilis.lt\/sodui\/wp-json\/wp\/v2\/product\/274","targetHints":{"allow":["GET"]}}],"collection":[{"href":"https:\/\/vivafertilis.lt\/sodui\/wp-json\/wp\/v2\/product"}],"about":[{"href":"https:\/\/vivafertilis.lt\/sodui\/wp-json\/wp\/v2\/types\/product"}],"replies":[{"embeddable":true,"href":"https:\/\/vivafertilis.lt\/sodui\/wp-json\/wp\/v2\/comments?post=274"}],"version-history":[{"count":1,"href":"https:\/\/vivafertilis.lt\/sodui\/wp-json\/wp\/v2\/product\/274\/revisions"}],"predecessor-version":[{"id":21971,"href":"https:\/\/vivafertilis.lt\/sodui\/wp-json\/wp\/v2\/product\/274\/revisions\/21971"}],"wp:featuredmedia":[{"embeddable":true,"href":"https:\/\/vivafertilis.lt\/sodui\/wp-json\/wp\/v2\/media\/21972"}],"wp:attachment":[{"href":"https:\/\/vivafertilis.lt\/sodui\/wp-json\/wp\/v2\/media?parent=274"}],"wp:term":[{"taxonomy":"product_brand","embeddable":true,"href":"https:\/\/vivafertilis.lt\/sodui\/wp-json\/wp\/v2\/product_brand?post=274"},{"taxonomy":"product_cat","embeddable":true,"href":"https:\/\/vivafertilis.lt\/sodui\/wp-json\/wp\/v2\/product_cat?post=274"},{"taxonomy":"product_tag","embeddable":true,"href":"https:\/\/vivafertilis.lt\/sodui\/wp-json\/wp\/v2\/product_tag?post=274"}],"curies":[{"name":"wp","href":"https:\/\/api.w.org\/{rel}","templated":true}]}}