{"id":269,"date":"2025-07-02T10:49:26","date_gmt":"2025-07-02T10:49:26","guid":{"rendered":"https:\/\/vivafertilis.lt\/sodui\/?post_type=product&#038;p=269"},"modified":"2026-03-25T20:54:23","modified_gmt":"2026-03-25T20:54:23","slug":"premium-pavasarines-trasos-1-l","status":"publish","type":"product","link":"https:\/\/vivafertilis.lt\/sodui\/product\/premium-pavasarines-trasos-1-l\/","title":{"rendered":"Premium pavasarin\u0117s tr\u0105\u0161os, 1 l"},"content":{"rendered":"<p data-start=\"132\" data-end=\"475\">Specializuotos sud\u0117ties tr\u0105\u0161os, skirtos pavasariniam spygliuo\u010di\u0173, lapuo\u010di\u0173 ir vis\u017eali\u0173 augal\u0173, dekoratyvini\u0173 kr\u016bm\u0173, vienme\u010di\u0173 ir daugiame\u010di\u0173 lauko g\u0117li\u0173 tr\u0119\u0161imui. Sud\u0117tyje esan\u010dios humin\u0117s ir fulvin\u0117s r\u016bg\u0161tys skatina intensyv\u0173 augim\u0105, stiprina \u0161akn\u0173 sistem\u0105, gerina maisto med\u017eiag\u0173 \u012fsisavinim\u0105 ir u\u017etikrina augal\u0173 sveik\u0105, dekoratyvi\u0105 i\u0161vaizd\u0105.<\/p>\n<p data-start=\"477\" data-end=\"709\" data-is-last-node=\"\" data-is-only-node=\"\">Unikalus buteliuko dizainas leid\u017eia tr\u0105\u0161as dozuoti tiksliai ir \u0161variai \u2013 perpildyti ne\u012fmanoma, o rankos i\u0161lieka \u0161varios. Nereikia naudoti papildom\u0173 kam\u0161teli\u0173 ar matavimo indeli\u0173 \u2013 viskas apgalvota patogiam ir higieni\u0161kam naudojimui.<\/p>\n","protected":false},"excerpt":{"rendered":"<p>Skystos tr\u0105\u0161os dekoratyviniams augalams ir g\u0117l\u0117ms su humin\u0117mis ir fulvin\u0117mis r\u016bg\u0161timis \u2013 sveikam augimui, stipresn\u0117ms \u0161aknims ir ry\u0161kiai i\u0161vaizdai. Patogus ir tikslus dozavimas.<\/p>\n","protected":false},"featured_media":23084,"comment_status":"open","ping_status":"closed","template":"","meta":{"_acf_changed":false},"product_brand":[],"product_cat":[255,20,23,16],"product_tag":[],"class_list":{"0":"post-269","1":"product","2":"type-product","3":"status-publish","4":"has-post-thumbnail","6":"product_cat-prekes-su-nuolaida","7":"product_cat-dekoratyviniams-augalams","8":"product_cat-gelems","9":"product_cat-medziams","10":"pa_tipas-organines-ir-mineralines-trasos","11":"pa_tipas-skystos-trasos","13":"first","14":"instock","15":"taxable","16":"shipping-taxable","17":"purchasable","18":"product-type-simple"},"acf":[],"_links":{"self":[{"href":"https:\/\/vivafertilis.lt\/sodui\/wp-json\/wp\/v2\/product\/269","targetHints":{"allow":["GET"]}}],"collection":[{"href":"https:\/\/vivafertilis.lt\/sodui\/wp-json\/wp\/v2\/product"}],"about":[{"href":"https:\/\/vivafertilis.lt\/sodui\/wp-json\/wp\/v2\/types\/product"}],"replies":[{"embeddable":true,"href":"https:\/\/vivafertilis.lt\/sodui\/wp-json\/wp\/v2\/comments?post=269"}],"version-history":[{"count":6,"href":"https:\/\/vivafertilis.lt\/sodui\/wp-json\/wp\/v2\/product\/269\/revisions"}],"predecessor-version":[{"id":23460,"href":"https:\/\/vivafertilis.lt\/sodui\/wp-json\/wp\/v2\/product\/269\/revisions\/23460"}],"wp:featuredmedia":[{"embeddable":true,"href":"https:\/\/vivafertilis.lt\/sodui\/wp-json\/wp\/v2\/media\/23084"}],"wp:attachment":[{"href":"https:\/\/vivafertilis.lt\/sodui\/wp-json\/wp\/v2\/media?parent=269"}],"wp:term":[{"taxonomy":"product_brand","embeddable":true,"href":"https:\/\/vivafertilis.lt\/sodui\/wp-json\/wp\/v2\/product_brand?post=269"},{"taxonomy":"product_cat","embeddable":true,"href":"https:\/\/vivafertilis.lt\/sodui\/wp-json\/wp\/v2\/product_cat?post=269"},{"taxonomy":"product_tag","embeddable":true,"href":"https:\/\/vivafertilis.lt\/sodui\/wp-json\/wp\/v2\/product_tag?post=269"}],"curies":[{"name":"wp","href":"https:\/\/api.w.org\/{rel}","templated":true}]}}