{"id":266,"date":"2025-07-02T10:49:26","date_gmt":"2025-07-02T10:49:26","guid":{"rendered":"https:\/\/vivafertilis.lt\/sodui\/?post_type=product&#038;p=266"},"modified":"2026-03-23T08:50:03","modified_gmt":"2026-03-23T08:50:03","slug":"premium-universalios-trasos-1-l","status":"publish","type":"product","link":"https:\/\/vivafertilis.lt\/sodui\/product\/premium-universalios-trasos-1-l\/","title":{"rendered":"Premium universalios tr\u0105\u0161os, 1 l"},"content":{"rendered":"<p><span class=\"TextRun SCXW242321100 BCX8\" lang=\"LT-LT\" xml:lang=\"LT-LT\" data-contrast=\"none\"><span class=\"NormalTextRun SCXW242321100 BCX8\">Subalansuotos<\/span><span class=\"NormalTextRun SCXW242321100 BCX8\">\u00a0<\/span><\/span><span class=\"TextRun Highlight SCXW242321100 BCX8\" lang=\"LT-LT\" xml:lang=\"LT-LT\" data-contrast=\"none\"><span class=\"NormalTextRun SCXW242321100 BCX8\">(NPK 7-5-6)\u00a0<\/span><\/span><span class=\"TextRun SCXW242321100 BCX8\" lang=\"LT-LT\" xml:lang=\"LT-LT\" data-contrast=\"none\"><span class=\"NormalTextRun SCXW242321100 BCX8\">kompleksin\u0117s tr\u0105\u0161os su amino,\u00a0<\/span><span class=\"NormalTextRun SpellingErrorV2Themed SCXW242321100 BCX8\">humin\u0117mis<\/span><span class=\"NormalTextRun SCXW242321100 BCX8\">\u00a0ir\u00a0<\/span><span class=\"NormalTextRun SpellingErrorV2Themed SCXW242321100 BCX8\">fulvin\u0117mis<\/span><span class=\"NormalTextRun SCXW242321100 BCX8\">\u00a0r\u016bg\u0161timis, mikroelementais. S<\/span><span class=\"NormalTextRun SCXW242321100 BCX8\">kirt<\/span><span class=\"NormalTextRun SCXW242321100 BCX8\">os<\/span><span class=\"NormalTextRun SCXW242321100 BCX8\">\u00a0lauko dar\u017eov\u0117ms, uogakr\u016bmiams, vaiskr\u016bmiams, vaismed\u017eiams, dekoratyviniams augalams<\/span><span class=\"NormalTextRun SCXW242321100 BCX8\">, g\u0117l\u0117ms<\/span><span class=\"NormalTextRun SCXW242321100 BCX8\">\u00a0bei \u017eolynams<\/span><span class=\"NormalTextRun SCXW242321100 BCX8\">\u00a0<\/span><span class=\"NormalTextRun SCXW242321100 BCX8\">tr\u0119\u0161ti.<\/span><\/span><\/p>\n<p>Buteliuko dizainas neleid\u017eia vartotojui perpildyti tr\u0105\u0161\u0173, daugiau nei yra vietos matavimo talpoje, nereikia naudoti sen\u0173 dozavimo kam\u0161teli\u0173, kurie po panaudojimo yra ne\u0161var\u016bs ir purvina rankas. Su \u0161iuo buteliuku, vartotojas pasiekia maksimal\u0173 \u0161varos ir tikslumo lyg\u012f.<\/p>\n","protected":false},"excerpt":{"rendered":"<p><span class=\"TextRun SCXW242321100 BCX8\" lang=\"LT-LT\" xml:lang=\"LT-LT\" data-contrast=\"none\"><span class=\"NormalTextRun SCXW242321100 BCX8\">Subalansuotos<\/span><span class=\"NormalTextRun SCXW242321100 BCX8\">\u00a0<\/span><\/span><span class=\"TextRun Highlight SCXW242321100 BCX8\" lang=\"LT-LT\" xml:lang=\"LT-LT\" data-contrast=\"none\"><span class=\"NormalTextRun SCXW242321100 BCX8\">(NPK 7-5-6)\u00a0<\/span><\/span><span class=\"TextRun SCXW242321100 BCX8\" lang=\"LT-LT\" xml:lang=\"LT-LT\" data-contrast=\"none\"><span class=\"NormalTextRun SCXW242321100 BCX8\">kompleksin\u0117s tr\u0105\u0161os su amino,\u00a0<\/span><span class=\"NormalTextRun SpellingErrorV2Themed SCXW242321100 BCX8\">humin\u0117mis<\/span><span class=\"NormalTextRun SCXW242321100 BCX8\">\u00a0ir\u00a0<\/span><span class=\"NormalTextRun SpellingErrorV2Themed SCXW242321100 BCX8\">fulvin\u0117mis<\/span><span class=\"NormalTextRun SCXW242321100 BCX8\">\u00a0r\u016bg\u0161timis, mikroelementais. <\/span><\/span><\/p>\n<p>Patogus ir tikslus dozavimas.<\/p>\n","protected":false},"featured_media":22040,"comment_status":"open","ping_status":"closed","template":"","meta":{"_acf_changed":false},"product_brand":[],"product_cat":[25,20,23,16,255,26,17,27],"product_tag":[],"class_list":{"0":"post-266","1":"product","2":"type-product","3":"status-publish","4":"has-post-thumbnail","6":"product_cat-darzovems","7":"product_cat-dekoratyviniams-augalams","8":"product_cat-gelems","9":"product_cat-medziams","10":"product_cat-prekes-su-nuolaida","11":"product_cat-universalios","12":"product_cat-uogoms","13":"product_cat-vejai","14":"pa_tipas-organines-ir-mineralines-trasos","15":"pa_tipas-skystos-trasos","17":"first","18":"instock","19":"taxable","20":"shipping-taxable","21":"purchasable","22":"product-type-simple"},"acf":[],"_links":{"self":[{"href":"https:\/\/vivafertilis.lt\/sodui\/wp-json\/wp\/v2\/product\/266","targetHints":{"allow":["GET"]}}],"collection":[{"href":"https:\/\/vivafertilis.lt\/sodui\/wp-json\/wp\/v2\/product"}],"about":[{"href":"https:\/\/vivafertilis.lt\/sodui\/wp-json\/wp\/v2\/types\/product"}],"replies":[{"embeddable":true,"href":"https:\/\/vivafertilis.lt\/sodui\/wp-json\/wp\/v2\/comments?post=266"}],"version-history":[{"count":8,"href":"https:\/\/vivafertilis.lt\/sodui\/wp-json\/wp\/v2\/product\/266\/revisions"}],"predecessor-version":[{"id":23312,"href":"https:\/\/vivafertilis.lt\/sodui\/wp-json\/wp\/v2\/product\/266\/revisions\/23312"}],"wp:featuredmedia":[{"embeddable":true,"href":"https:\/\/vivafertilis.lt\/sodui\/wp-json\/wp\/v2\/media\/22040"}],"wp:attachment":[{"href":"https:\/\/vivafertilis.lt\/sodui\/wp-json\/wp\/v2\/media?parent=266"}],"wp:term":[{"taxonomy":"product_brand","embeddable":true,"href":"https:\/\/vivafertilis.lt\/sodui\/wp-json\/wp\/v2\/product_brand?post=266"},{"taxonomy":"product_cat","embeddable":true,"href":"https:\/\/vivafertilis.lt\/sodui\/wp-json\/wp\/v2\/product_cat?post=266"},{"taxonomy":"product_tag","embeddable":true,"href":"https:\/\/vivafertilis.lt\/sodui\/wp-json\/wp\/v2\/product_tag?post=266"}],"curies":[{"name":"wp","href":"https:\/\/api.w.org\/{rel}","templated":true}]}}