{"id":23330,"date":"2026-02-27T07:56:24","date_gmt":"2026-02-27T07:56:24","guid":{"rendered":"https:\/\/vivafertilis.lt\/sodui\/?post_type=product&#038;p=23330"},"modified":"2026-03-23T09:01:27","modified_gmt":"2026-03-23T09:01:27","slug":"trasos-gelems-ph-focus-home-05-l-05-l","status":"publish","type":"product","link":"https:\/\/vivafertilis.lt\/sodui\/product\/trasos-gelems-ph-focus-home-05-l-05-l\/","title":{"rendered":"TR\u0104\u0160OS G\u0116L\u0116MS + pH FOCUS HOME (0,5 l+ 0,5 l)"},"content":{"rendered":"<p>G\u0117li\u0173 \u017eyd\u0117jimo ir dirvos prie\u017ei\u016bros rinkinys.<\/p>\n<p>\u0160is rinkinys kambarini\u0173, balkonini\u0173 ir lauko g\u0117li\u0173 prie\u017ei\u016brai, kai norisi gausesnio \u017eyd\u0117jimo, ry\u0161kesni\u0173 spalv\u0173 ir stipresn\u0117s \u0161akn\u0173 sistemos. Puikiai tinka tiek naujai pasodintoms, tiek jau augan\u010dioms g\u0117l\u0117ms.<\/p>\n<p><strong>Tr\u0105\u0161os G\u0116L\u0116MS<\/strong> \u2013 subalansuotos kompleksin\u0117s tr\u0105\u0161os su j\u016bros dumbli\u0173 ekstraktu ir mikroelementais. Skatina gaus\u0173 \u017eyd\u0117jim\u0105, stiprina \u0161akn\u0173 sistem\u0105 ir i\u0161ry\u0161kina \u017eied\u0173 spalvas.<br \/>\n<strong>pH FOCUS HOME<\/strong> \u2013 priemon\u0117, padedanti sureguliuoti dirvos r\u016bg\u0161tingum\u0105, kad g\u0117l\u0117s lengviau pasisavint\u0173 maistines med\u017eiagas ir augt\u0173 sveikos bei stiprios.<\/p>\n","protected":false},"excerpt":{"rendered":"<p>Universalus rinkinys g\u0117l\u0117ms \u2013 sveikam augimui, gausiam \u017eyd\u0117jimui ir dirvos gerinimui.<\/p>\n","protected":false},"featured_media":23331,"comment_status":"open","ping_status":"closed","template":"","meta":{"_acf_changed":false},"product_brand":[],"product_cat":[23,255,65],"product_tag":[],"class_list":{"0":"post-23330","1":"product","2":"type-product","3":"status-publish","4":"has-post-thumbnail","6":"product_cat-gelems","7":"product_cat-prekes-su-nuolaida","8":"product_cat-dirvai","9":"pa_tipas-organines-ir-mineralines-trasos","10":"pa_tipas-prekiu-rinkiniai","11":"pa_tipas-skystos-trasos","13":"first","14":"outofstock","15":"taxable","16":"shipping-taxable","17":"purchasable","18":"product-type-simple"},"acf":[],"_links":{"self":[{"href":"https:\/\/vivafertilis.lt\/sodui\/wp-json\/wp\/v2\/product\/23330","targetHints":{"allow":["GET"]}}],"collection":[{"href":"https:\/\/vivafertilis.lt\/sodui\/wp-json\/wp\/v2\/product"}],"about":[{"href":"https:\/\/vivafertilis.lt\/sodui\/wp-json\/wp\/v2\/types\/product"}],"replies":[{"embeddable":true,"href":"https:\/\/vivafertilis.lt\/sodui\/wp-json\/wp\/v2\/comments?post=23330"}],"version-history":[{"count":1,"href":"https:\/\/vivafertilis.lt\/sodui\/wp-json\/wp\/v2\/product\/23330\/revisions"}],"predecessor-version":[{"id":23332,"href":"https:\/\/vivafertilis.lt\/sodui\/wp-json\/wp\/v2\/product\/23330\/revisions\/23332"}],"wp:featuredmedia":[{"embeddable":true,"href":"https:\/\/vivafertilis.lt\/sodui\/wp-json\/wp\/v2\/media\/23331"}],"wp:attachment":[{"href":"https:\/\/vivafertilis.lt\/sodui\/wp-json\/wp\/v2\/media?parent=23330"}],"wp:term":[{"taxonomy":"product_brand","embeddable":true,"href":"https:\/\/vivafertilis.lt\/sodui\/wp-json\/wp\/v2\/product_brand?post=23330"},{"taxonomy":"product_cat","embeddable":true,"href":"https:\/\/vivafertilis.lt\/sodui\/wp-json\/wp\/v2\/product_cat?post=23330"},{"taxonomy":"product_tag","embeddable":true,"href":"https:\/\/vivafertilis.lt\/sodui\/wp-json\/wp\/v2\/product_tag?post=23330"}],"curies":[{"name":"wp","href":"https:\/\/api.w.org\/{rel}","templated":true}]}}