{"id":22022,"date":"2025-08-05T13:12:17","date_gmt":"2025-08-05T13:12:17","guid":{"rendered":"https:\/\/vivafertilis.lt\/sodui\/?post_type=product&#038;p=22022"},"modified":"2026-03-23T09:00:34","modified_gmt":"2026-03-23T09:00:34","slug":"plant-stim-eco-humiroot-05-l-05-l","status":"publish","type":"product","link":"https:\/\/vivafertilis.lt\/sodui\/product\/plant-stim-eco-humiroot-05-l-05-l\/","title":{"rendered":"PLANT STIM ECO + HUMIROOT (0,5 l+ 0,5 l)"},"content":{"rendered":"<p>Augal\u0173 atsigavimo ir \u0161akn\u0173 stiprinimo rinkinys.<\/p>\n<p>\u0160is rinkinys sukurtas augalams, kurie patiria stres\u0105 persodinimo metu, po \u0161aln\u0173, u\u017emirkimo ar kit\u0173 nepalanki\u0173 s\u0105lyg\u0173. Tai idealus derinys tiek naujai pasodintiems, tiek nusilpusiems augalams atgaivinti.<\/p>\n<p><strong>PLANT STIM<\/strong> \u2013 greito poveikio pagalba augalams po streso. Skatina regeneracij\u0105, gerina maistini\u0173 med\u017eiag\u0173 \u012fsisavinim\u0105 ir aktyvina nat\u016bral\u0173 augalo gyvybingum\u0105.<\/p>\n<p><strong>HUMIROOT<\/strong> \u2013 biostimuliatorius, skatinantis intensyv\u0173 \u0161akn\u0173 augim\u0105, gerinantis maistini\u0173 med\u017eiag\u0173 \u012fsisavinim\u0105 ir padedantis augalams lengviau prigyti net skurd\u017eiose dirvose.<\/p>\n","protected":false},"excerpt":{"rendered":"<article class=\"text-token-text-primary w-full focus:outline-none scroll-mt-[calc(var(--header-height)+min(200px,max(70px,20svh)))]\" dir=\"auto\" tabindex=\"-1\" data-testid=\"conversation-turn-78\" data-scroll-anchor=\"true\" data-turn=\"assistant\">\n<div class=\"text-base my-auto mx-auto pb-10 [--thread-content-margin:--spacing(4)] @[37rem]:[--thread-content-margin:--spacing(6)] @[72rem]:[--thread-content-margin:--spacing(16)] px-(--thread-content-margin)\">\n<div class=\"[--thread-content-max-width:32rem] @[34rem]:[--thread-content-max-width:40rem] @[64rem]:[--thread-content-max-width:48rem] mx-auto max-w-(--thread-content-max-width) flex-1 group\/turn-messages focus-visible:outline-hidden relative flex w-full min-w-0 flex-col agent-turn\" tabindex=\"-1\">\n<div class=\"flex max-w-full flex-col grow\">\n<div class=\"min-h-8 text-message relative flex w-full flex-col items-end gap-2 text-start break-words whitespace-normal [.text-message+&amp;]:mt-5\" dir=\"auto\" data-message-author-role=\"assistant\" data-message-id=\"0a102653-36be-409f-a4a0-4cb78f8a9e55\" data-message-model-slug=\"gpt-4o\">\n<div class=\"flex w-full flex-col gap-1 empty:hidden first:pt-[3px]\">\n<div class=\"markdown prose dark:prose-invert w-full break-words dark markdown-new-styling\">\n<p data-start=\"0\" data-end=\"191\" data-is-last-node=\"\" data-is-only-node=\"\">Rinkinys augal\u0173 atsigavimui po streso ir \u0161akn\u0173 stiprinimui. PLANT STIM padeda atkurti gyvybingum\u0105, o HUMIROOT skatina \u0161akn\u0173 augim\u0105 ir gerina mityb\u0105 net sud\u0117tingomis s\u0105lygomis.<\/p>\n<\/div>\n<\/div>\n<\/div>\n<\/div>\n<\/div>\n<\/div>\n<\/article>\n<div class=\"pointer-events-none h-px w-px\" aria-hidden=\"true\" data-edge=\"true\"><\/div>\n","protected":false},"featured_media":22014,"comment_status":"open","ping_status":"closed","template":"","meta":{"_acf_changed":false},"product_brand":[],"product_cat":[25,20,23,16,255,26,17,27],"product_tag":[],"class_list":{"0":"post-22022","1":"product","2":"type-product","3":"status-publish","4":"has-post-thumbnail","6":"product_cat-darzovems","7":"product_cat-dekoratyviniams-augalams","8":"product_cat-gelems","9":"product_cat-medziams","10":"product_cat-prekes-su-nuolaida","11":"product_cat-universalios","12":"product_cat-uogoms","13":"product_cat-vejai","14":"pa_tipas-biostimuliatoriai","15":"pa_tipas-organines-ir-mineralines-trasos","16":"pa_tipas-prekiu-rinkiniai","17":"pa_tipas-skystos-trasos","19":"first","20":"outofstock","21":"taxable","22":"shipping-taxable","23":"purchasable","24":"product-type-simple"},"acf":[],"_links":{"self":[{"href":"https:\/\/vivafertilis.lt\/sodui\/wp-json\/wp\/v2\/product\/22022","targetHints":{"allow":["GET"]}}],"collection":[{"href":"https:\/\/vivafertilis.lt\/sodui\/wp-json\/wp\/v2\/product"}],"about":[{"href":"https:\/\/vivafertilis.lt\/sodui\/wp-json\/wp\/v2\/types\/product"}],"replies":[{"embeddable":true,"href":"https:\/\/vivafertilis.lt\/sodui\/wp-json\/wp\/v2\/comments?post=22022"}],"version-history":[{"count":3,"href":"https:\/\/vivafertilis.lt\/sodui\/wp-json\/wp\/v2\/product\/22022\/revisions"}],"predecessor-version":[{"id":22035,"href":"https:\/\/vivafertilis.lt\/sodui\/wp-json\/wp\/v2\/product\/22022\/revisions\/22035"}],"wp:featuredmedia":[{"embeddable":true,"href":"https:\/\/vivafertilis.lt\/sodui\/wp-json\/wp\/v2\/media\/22014"}],"wp:attachment":[{"href":"https:\/\/vivafertilis.lt\/sodui\/wp-json\/wp\/v2\/media?parent=22022"}],"wp:term":[{"taxonomy":"product_brand","embeddable":true,"href":"https:\/\/vivafertilis.lt\/sodui\/wp-json\/wp\/v2\/product_brand?post=22022"},{"taxonomy":"product_cat","embeddable":true,"href":"https:\/\/vivafertilis.lt\/sodui\/wp-json\/wp\/v2\/product_cat?post=22022"},{"taxonomy":"product_tag","embeddable":true,"href":"https:\/\/vivafertilis.lt\/sodui\/wp-json\/wp\/v2\/product_tag?post=22022"}],"curies":[{"name":"wp","href":"https:\/\/api.w.org\/{rel}","templated":true}]}}